se 2*d - 5*d + 5*f = 19, -4*d + 18 = 2*f. Suppose -4*s + 3*s = d. Determine n(s).
-6
Let n(m) = m + 1. Suppose -7 = -y + 3. Let r(v) = v**3 - 9*v**2 - 11*v + 12. Let c be r(y). What is n(c)?
3
Let w(k) = -k**3 - 7*k**2 - 12*k + 8. Let m(a) = a - 1. Let t(f) = 6*m(f) + w(f). Let g be t(-6). Let v(c) = -4*c + c**g + 2 - 1 + 0*c. Give v(3).
-2
Suppose 0 = 4*k - 2*f - 32, k - 10 = -2*k - 2*f. Let x(j) = j**3 - 7*j**2 + 8*j. Calculate x(k).
12
Let b(d) = -5 + 3 + d - 5*d**3 + 3. Let f = 1 - -2. Let g = 2 - f. Give b(g).
5
Let n(v) = -2*v**2 + 2*v + 1. Let w = 1 + 8. Suppose l = -2*l - w. Let z be (-1 + 2)*(-4 - l). Calculate n(z).
-3
Let c(d) = d**2 - 5*d - 4. Let k be c(5). Let w be 1 - -1*2/2. Let o(f) = f**2 + 6 + w*f + 5*f - 3*f. Give o(k).
6
Let z = -1 + 0. Let a(m) be the first derivative of m**5/24 - 2*m**3/3 + 1. Let r(v) be the third derivative of a(v). Calculate r(z).
-5
Let d(q) = q + 2. Suppose 0 = -3*l - 2*u - 2, 2*u = 5*l + 14. Let a be d(l). Let v(t) = 0*t - t - 4 - 3. Give v(a).
-7
Suppose -13 = 4*g + 7. Let v(h) = -4*h + 1. What is v(g)?
21
Let m be (1 + -5)*(-1)/8. Let l(v) be the first derivative of 4*v + 3 - m*v**2. Give l(0).
4
Let o(n) = n**2 + 6*n + 1. Let u(p) = p**2 + 2*p - 4. Let w be u(-6). Suppose -3*c + 2*r = -r + 12, 5*c + 4*r + w = 0. Calculate o(c).
-7
Let y(n) = -n**3 - 6*n**2 - 4*n + 2. Let p(h) = -2*h**3 - 11*h**2 - 7*h + 4. Let u(l) = 3*p(l) - 5*y(l). Let j = 2 + -1. Let s = j - 4. Determine u(s).
5
Let h(l) = -l**3 + 4*l**2 - 3*l**2 + 2*l**2 + 3*l + 4. Let y(b) = b**2 - 5*b - 2. Let i be y(6). Give h(i).
0
Let q(o) = 16*o**3 + o. Let r be -1 + (1 + 0 - (-10 + 11)). Give q(r).
-17
Let z be 5/(-1)*6/(-15). Suppose 0 = -5*t - 4*a, 4*a = 4*t + 2*a. Let w(f) = t*f**3 + z*f - f**3 - f + 1. Calculate w(0).
1
Let h(s) = s**3 + s + 1 - 19*s**2 + 2 + 18*s**2. Calculate h(0).
3
Suppose -6 = -a + 3*n, -3*a = 5*n - 24 + 6. Let c(l) = l**3 - 6*l**2 + 2*l - 1. Determine c(a).
11
Let p(v) = -v**2 - 7*v - 12. Let h be p(-6). Let i(l) = l**2 + 7*l + 9. What is i(h)?
3
Let w(f) = 3 + f - 2 - 2*f. Suppose -2*n = -4*g + 14, 0 = -4*n + 5*g - g - 12. Let i be w(n). Let a(y) = -y**3 + y**2 - y - 2. Give a(i).
-2
Let b = -19 + 15. Let l(v) = -v**2 - 4*v - 1. Determine l(b).
-1
Let h = -98 + 95. Let y(r) = r**2 + 4*r + 2. Calculate y(h).
-1
Let s(y) = -y**3 + 4*y**2 - 3*y + 1. Let w be s(2). Let o = w + -8. Let f(r) be the second derivative of r**5/20 + r**4/2 + r**3 - r**2 + 3*r. Calculate f(o).
-7
Let b(a) = a**2. Suppose 23*d - 12 = 11*d. Give b(d).
1
Let u(y) be the second derivative of -y + 1/12*y**4 + 0 + 1/2*y**2 - y**3. Determine u(5).
-4
Let k(l) = -l - 1. Suppose 5*x + 0*j = -j + 28, -x = 2*j - 2. Suppose x*v = v + 10. Suppose -u = -v*u. Determine k(u).
-1
Let k = -9 + 6. Let r be (-28)/(-12) - (-2)/(-6). Let a(j) = -6*j**2 + 4*j**r - 7 + 5 - 5*j + j**2. Give a(k).
4
Let i be ((-27)/(-7) - (-2)/14)*1. Let u(y) = -y + 9. Calculate u(i).
5
Let t(w) = w**3 + 3*w**2 - w - 1. Let o be t(-3). Let d be 2 - (32/(-2) + o). Suppose -4*h + 2 = -2*u - 20, -2*h + 2*u = -d. Let m(g) = 2*g - 1. What is m(h)?
5
Let w(p) = -p - 2. Let b be w(-4). Let v be b - (-2 - (1 - 2)). Let k(m) = m**3 - 4*m**2 + 2*m. Let l be k(v). Let i(f) = f**2 + 5*f + 2. Calculate i(l).
-4
Let p(r) = r + 2. Let j(n) = -13. Let s(b) = -j(b) - 3*p(b). Give s(6).
-11
Let y(c) = -9*c - 6. Let j(x) = -15*x + 3 + 20*x + 0. Let f(l) = 5*j(l) + 3*y(l). Determine f(-3).
3
Let g be (0 - 2)/(1/(-2)). Let o = g + 0. Let q(w) = -3*w - 2*w + o*w + 3 - 1. Determine q(3).
-1
Let j(u) = u**2 + 2*u + 2. Let w be -1 + 0 + 1*3. Suppose 0 = -w*s + 4*s + 6. Calculate j(s).
5
Let h(g) = 3*g**2 + 3*g + 1. Let z(r) = -r**3 + 6*r**2 + r - 8. Let k be z(6). What is h(k)?
7
Let l(z) be the first derivative of -z**3/3 + 9*z**2/2 - 9*z + 2. What is l(6)?
9
Let h(f) = -f**3 - 3*f**2 - 3*f - 1. Let o be h(-2). Let t = 5 - o. Suppose t*p - 3*p - 2 = 0. Let x(r) = r - 4. Calculate x(p).
-2
Let m(p) be the second derivative of p**5/60 - p**4/3 + p**3/2 + 4*p**2 + 7*p. Let c(v) be the first derivative of m(v). What is c(7)?
-4
Let r(u) = 2*u**2 + 8*u**2 + 6*u**2 + 4 - 6*u - 15*u**2. What is r(3)?
-5
Let q = 3 - 1. Let f(j) = 2*j**2 - 3 + j**2 - 3*j**2 + j**q - j. Calculate f(4).
9
Let k(g) = -2*g**2 + 2*g - 1. Let m = 22 - 21. What is k(m)?
-1
Let s be 3/(-5) - 3/(-5). Let w be 4/2 + 1 + -1. Let y(d) = d**3 - 2*d + 3*d - d**2 + 2 + 2*d**w. Determine y(s).
2
Let v(h) = 2 + 3 - 3 - h. Let u be (3 + -9)*(195/(-18))/13. What is v(u)?
-3
Let z(i) = -2*i**2 - 3*i + 1. Let v(k) = -k**2 + 0 + 1 + 2*k + 0*k**2 - 3*k. Let b(d) = -11*v(d) + 6*z(d). Calculate b(-5).
5
Suppose 3*h - 12 = -h. Suppose -8 = u + h*f - 4*f, -f - 10 = 5*u. Let z(m) = m**2 + m - 2. Give z(u).
4
Let s(p) = p + 1. Let h be s(-7). Let r(w) = 5*w**3 + 11*w**2 - 12. Let g(v) = v**3 + v**2 - v - 1. Let x(u) = -4*g(u) + r(u). Give x(h).
4
Let d(h) = 9*h**2 + 2*h - 1. Let s be d(2). Let q(x) = 1 - s*x - x**3 + 39*x. Give q(-1).
2
Suppose -4*w + w + 15 = 0. Let p(x) = -2 - w*x**2 + 2*x**2 + 1 + 2*x. Calculate p(1).
-2
Let a(n) = -n**3 + 3*n**2 + 3*n + 4. Let y be a(4). Suppose 4*m - 46 + 14 = y. Let q = 9 - m. Let w(o) = -3*o + 1. Calculate w(q).
-2
Let y be (0 - -1)*3/1. Suppose 3*a = 6 + y. Let o(p) = -p**2 - 2 + p + 6*p + a. Give o(5).
11
Let t(b) = -b**3 + b**2 - b + 2. Let r be (-6)/3 + 2 + -3. Let h = r - -3. Give t(h).
2
Suppose -5*f + 6 = -9. Let j(r) be the second derivative of r**5/20 - r**4/4 + r**3/6 + 3*r**2/2 + 2*r. Give j(f).
6
Let t(j) = 4*j**2 - 3*j + 7 + 2*j**3 - 4*j**3 + j**3 + j**2. Suppose -x - 30 = -5*s, -4*s - x + 5 = 2*x. What is t(s)?
-8
Let u(m) = -2*m**2 + 2*m + 2. Suppose 4*i - 20 = 3*g - 0, -4*i = 3*g + 4. What is u(i)?
-2
Let o(i) = i**2 + 5*i + 2. Let z be (0 - 1)*1 - -4. Suppose 4 + z = s - 5*m, 0 = -5*s - m - 17. Determine o(s).
-4
Let x(c) = c - 8. Let z be x(9). Let v(w) = 2*w + 8 - 3 + z. What is v(-5)?
-4
Let k(x) = x**3 - 5*x**2 - 10*x + 8. Suppose 5*b - 78 = -8*b. What is k(b)?
-16
Let u be 1/(1/(-1)) - 35/(-30). Let k(x) be the second derivative of -5/2*x**2 - u*x**3 + 1/12*x**4 + 0 + 4*x. Give k(4).
7
Let h(b) = -3*b + 40. Let x be h(15). Let q(m) = -m**2 - 6*m + 2. Determine q(x).
7
Let l(x) = -x**2 - 7*x + 4. Suppose -r + 1 = 8. Let s be l(r). Let t(z) be the first derivative of -z**4/4 + z**3 + 2*z**2 - 3*z - 1. What is t(s)?
-3
Let d(n) be the third derivative of -1/4*n**4 + 1/10*n**5 - 1/6*n**3 - 2*n**2 + 0*n - 1/120*n**6 + 0. Suppose 5 = -5*v + 6*v. Give d(v).
-6
Let k(y) = -2*y**2 - 2*y. Let g be -3 + (-3)/(-1) - 9. Let n = g - -7. Determine k(n).
-4
Let l be 2/4 + 5/2. Let s(f) = 1. Let g(k) = -k - 5. Suppose -4*h - 22 = 2. Let j(n) = h*s(n) - g(n). Give j(l).
2
Let w(r) = 37 - 37 + 6*r. Let n = 4 - 1. Suppose u = -n + 4. What is w(u)?
6
Let z(y) = -9*y**2 + y + 7. Let f(l) = 4*l**2 - 3. Let v(h) = 7*f(h) + 3*z(h). What is v(-4)?
4
Let r(s) = 3*s - 12. Let n(v) = 2*v + 3. Let o be n(3). Let a(w) = 1. Let f(i) = o*a(i) + r(i). Let u be 1*2 - (3 + -3). What is f(u)?
3
Let s be 1 + (2 - 6) + 0. Let a(f) = -15*f - 7. Let j(i) = 4*i + 1. Let g(n) = -a(n) - 4*j(n). Determine g(s).
6
Let g(a) = 3*a**2 - a + 1. Let s be g(1). Let b(z) = 6 - 1 + s*z - z**2 + 2. Suppose -4*l - 5 = -25. Calculate b(l).
-3
Suppose -8 = -0*f - 4*f. Let s(b) = -5*b + f*b - 2*b. Let w be -2*(-1)/(-2)*1. Determine s(w).
5
Suppose -2*u + 2 = -2. Let q(x) = -x**u + 1 - 6*x + 3 + 1 + 2. Give q(-6).
7
Let n(k) = k + 1. Let l be (-4)/(3*-1 - -2). Let r be n(l). Let i(z) be the first derivative of z**3/3 - 3*z**2 + 7*z + 1. Determine i(r).
2
Suppose -j + 15 = -2*j + 5*d, -2*j - 2 = 4*d. Let r(a) = a + 2. Let b be r(j). Let y(f) = -f**3 - 2*f**2 + 2*f + 2. What is y(b)?
5
Let u(x) = 2*x**2 + 9*x - 14. Let i(j) = j**2 + 4*j - 7. Let b(s) = 7*i(s) - 3*u(s). Calculate b(-5).
13
Let c(m) = -m**2 + 35 + 9*m - m**3 + 0*m**3 - 2*m - 43. Let t(q) = q**3 + 2*q**2 - 7*q + 7. Let b(v) = -3*c(v) - 4*t(v). Calculate b(-6).
-10
Let k(n) = 4*n. Let h(d) = -d - 4. Let v be h(7). Let g = 10 + v. What is k(g)?
-4
Suppose 2*w + 1 + 2 = -5*q, 0 = -q + w + 5. Let d(m) = -m**2 - m - q - m - 1. Give d(-2).
-2
Let c(z) = -z**2 + 6*z + 5. Let x be c(6). Let g = x - 0. Suppose 0*i + g = i. Let t(p) = -p**2 + 8*p - 6. Give t(i).
9
Let b(w) = -w**3 + 3*w**2 - 4*